t common factor of f and 50.
10
Let c = -35 + 38. What is the greatest common factor of 21 and c?
3
Let w be -3 - -2 - -2*4. Let l be (1078/(-21))/(-2)*3. Calculate the highest common factor of l and w.
7
Suppose -4*z + 88 = -0*z. Let i = 38 - z. What is the greatest common divisor of 32 and i?
16
Let u = -21 + 4. Let h = u + 24. Calculate the greatest common factor of 77 and h.
7
Suppose -1 - 1 = -2*m. Let b be ((-1)/(-1) - 1) + -3. Let z be 2 + 1/(b + 2). Calculate the greatest common factor of z and m.
1
Let y(g) = -g**3 - 6*g**2 - g + 6. Let j be y(-6). Suppose 5*l = -3*a + 6 + j, -7 = -l - 4*a. What is the greatest common divisor of l and 27?
3
Suppose -r + 29 = -1. Let d = -14 - -24. What is the greatest common divisor of d and r?
10
Let b(v) = v**2 + 11*v + 16. Let u = 9 + -21. Let k be b(u). What is the highest common divisor of 70 and k?
14
Let o(u) = u**2 + 7*u + 6. Let p be o(-4). Let k be -4*(105/p + -1). Suppose 142 = 3*v - k. Calculate the greatest common factor of 18 and v.
18
Let j be ((-1)/3)/((-1)/33). What is the greatest common factor of 88 and j?
11
Let o be (-2 + 10/4)*2. Let f be ((-33)/(-12))/(o/4). Let s = 65 - f. What is the highest common divisor of s and 18?
18
Let g(b) = b + 13. Let d be g(7). Calculate the highest common divisor of d and 40.
20
Let o = -51 - -87. Let d be (-2)/(-6) - 426/(-18). What is the greatest common divisor of o and d?
12
Let o = -123 - -186. Let l(t) = 5*t - 13. Let n be l(4). Calculate the greatest common divisor of n and o.
7
Let h = 29 - 20. What is the greatest common divisor of h and 1?
1
Suppose 0 = -v - 0 - 2. Let m be (-1)/v + (-21)/6. Let a be (10/m)/((-6)/18). What is the greatest common divisor of 10 and a?
10
Let v be (-24)/16*20/(-6). Suppose -2*b + 34 = -2*j + 8, v*j = -5*b + 35. What is the greatest common factor of 10 and b?
10
Let d be 2 + 0 + (0 - 0). Let x = 38 - d. Suppose -w + 2*u = 3*u - 2, 5*u + 22 = 3*w. Calculate the highest common divisor of x and w.
4
Let b(i) = i**3 + 6*i**2 - 9*i - 10. Let x be b(-7). Suppose 32 = -5*y - x*s + 226, -2*y + 68 = 4*s. Calculate the greatest common divisor of y and 6.
6
Suppose 0 = -3*b + 8 + 28. Calculate the highest common divisor of b and 8.
4
Let y = 14 - 9. What is the highest common factor of y and 55?
5
Suppose 0 = t - 26 + 6. Calculate the greatest common factor of t and 220.
20
Suppose 0 = 3*m - 2*b - 15, 0 = 2*m + 2*b - 0*b. Suppose m*d - 4*d = r - 5, 3*d = r + 3. What is the greatest common factor of r and 9?
3
Let c(z) = 47*z - 1. Let b be c(1). What is the greatest common factor of 2 and b?
2
Let w(r) = 6*r - 31. Let f be w(10). Calculate the greatest common divisor of 174 and f.
29
Let u = 30 + -24. Calculate the highest common divisor of u and 1.
1
Suppose -5*h + 210 = -0*h. Suppose -2*f - 3*z + 32 = -0*f, 3*z - h = -3*f. Calculate the greatest common divisor of f and 70.
10
Let g be ((-1)/2 + 2)*4. Calculate the highest common divisor of 18 and g.
6
Let r be ((0 - 2) + 4)*-1. Let d = r - -5. Suppose 2*h - 14 = 16. What is the greatest common factor of h and d?
3
Let n be (-126)/(-4) - (-3)/2. What is the highest common divisor of 11 and n?
11
Suppose -p - 8 = p. Let l = -4 + 9. Let i = l + p. What is the greatest common divisor of i and 1?
1
Let k be (-7)/35 - (-2 + (-51)/5). What is the greatest common divisor of k and 6?
6
Let g = 75 + -43. Calculate the highest common divisor of 48 and g.
16
Let m = -122 + 178. Suppose q + 5*j = 3*j + 7, -2*j = 2*q - 14. Calculate the greatest common divisor of q and m.
7
Let o(n) = n**3 - 9*n**2 + 9*n - 4. Let l be o(8). Suppose 3*u - 23 = l*w + 93, -104 = -2*u - 4*w. Calculate the greatest common factor of 4 and u.
4
Let d = 90 - 45. Suppose 0 = -3*a + 2*m + 28, 3*m - 8*m = -5*a + d. Calculate the highest common divisor of a and 30.
10
Let t be 0 + 1 - (-4 + -1). Calculate the greatest common divisor of 2 and t.
2
Let o = -1 - -28. Calculate the greatest common factor of o and 9.
9
Let d(a) be the first derivative of a**3/3 - a - 3. Let t be d(7). Calculate the greatest common divisor of 16 and t.
16
Let y(u) = u**2 + 6*u + 10. Let z be y(-6). Let r be 4/(0 + 2/45). What is the greatest common factor of z and r?
10
Let h(l) = -l**3 - 18*l**2 - 18*l - 3. Let n be h(-17). Calculate the highest common factor of 42 and n.
14
Let b = 187 - 61. Let l be (-2 - 1) + 18*1. Suppose u - l = -1. What is the greatest common factor of b and u?
14
Suppose -15 = -5*n + 5*r, -2*n + 5*r + 1 = -2. Suppose 20 + 40 = -3*d. Let m be ((-6)/5)/(n/d). What is the highest common factor of m and 30?
6
Suppose -3 = 3*v + 3. Let a(i) be the second derivative of -i**3/6 + 5*i. Let f be a(v). Calculate the highest common divisor of f and 2.
2
Let v = 10 - -6. What is the greatest common divisor of v and 144?
16
Let m(r) = -r**3 + 21*r**2 - 21*r - 33. Let v be m(19). Calculate the greatest common factor of v and 10.
10
Let p(l) = -50*l**3 + 2*l + 2. Let q be p(-1). What is the highest common divisor of q and 10?
10
Let p be (-1 + 2 + 3)*-2. Let i = 11 - p. What is the highest common divisor of i and 95?
19
Let g(l) = -l**2 + 6*l - 5. Let s be g(2). What is the greatest common divisor of 1 and s?
1
Let a = 5 - -1. Let j = a + 12. What is the highest common factor of j and 2?
2
Let f = 1025 - 1646. Let b = f + 1036. Suppose -3*y + 71 = -b. What is the greatest common divisor of 18 and y?
18
Let x(r) = r**3 + 3*r**2 + 3*r + 6. Let d be x(-4). Let b be ((-7)/(-14))/((-1)/d). What is the highest common divisor of b and 121?
11
Let h be 180/9*(-16)/(-5). Let d = h - 37. Calculate the highest common factor of 3 and d.
3
Let t(r) be the second derivative of -r**4/12 + 5*r**3/2 + 2*r**2 - r. Let p be t(8). What is the greatest common factor of p and 15?
15
Let x = 40 - 36. What is the greatest common divisor of x and 4?
4
Suppose -74 + 20 = -6*a. What is the highest common factor of 81 and a?
9
Let j be 588/33 - 6/(-33). What is the greatest common factor of 18 and j?
18
Let k = 295 + -163. Calculate the highest common divisor of k and 24.
12
Let i = 19 + -28. Let c be (-3)/2*48/i. Calculate the highest common divisor of c and 12.
4
Let k(c) = -c - 3. Let b be k(-3). Suppose -8 = -h - b. Suppose 0 = -w - 2*w + 96. What is the highest common divisor of h and w?
8
Suppose 4*x - 60 = x. Let z = -10 - -16. Let k = 11 - z. What is the greatest common divisor of k and x?
5
Let p(x) = 6*x**3 - 2*x**2 + 2*x + 1. Let u be p(2). Calculate the greatest common divisor of 18 and u.
9
Let u(o) = 2*o - 10. Let z be u(8). Let j = 54 - z. What is the highest common factor of 32 and j?
16
Suppose 0 = 3*k + 2*k + 2*w - 140, 3*k = w + 95. What is the highest common divisor of k and 270?
30
Let m be -1 - (-3)/(6/44). Suppose 5*s - 3*f = 414, 0*s = -3*s - f + 254. Calculate the greatest common divisor of m and s.
21
Let c(s) = s**2 + s - 3. Let m be c(5). Let p = -18 + m. Calculate the highest common divisor of p and 27.
9
Let h(a) = a**2 - 2*a. Let b be h(8). Suppose 4*p = -3*z + 21 + 15, -4*p = -4*z + b. Let f = -145 - -205. Calculate the greatest common factor of f and z.
12
Let u(v) = v**3 - 2*v**2 + v. Let t = -4 - -4. Suppose 3*j - 6 = -t. Let i be u(j). What is the greatest common divisor of 18 and i?
2
Let i be ((-2)/(-6) + 0)/(12/936). Let p be (13/3)/((-1)/(-6)). Calculate the greatest common factor of p and i.
26
Suppose r + 66 - 176 = 0. What is the greatest common factor of 10 and r?
10
Let x(r) = -r**3 + 5*r**2 + 2*r + 7. Suppose -12 = -5*j + 13. Let f be x(j). What is the greatest common divisor of f and 51?
17
Let w(y) = 0 + 5*y - 4 - 7*y. Let x be w(-3). Let q be x/(-2) + 13 + -1. Calculate the greatest common divisor of 77 and q.
11
Suppose -b = -6*b + 275. Calculate the greatest common factor of b and 22.
11
Let h(o) = -6*o - 25. Let b be h(-10). What is the greatest common factor of b and 7?
7
Let w = -6 + 4. Let v be 465/6 + 1/w. Suppose -2*x = -2*h - 19 - 1, h - 4 = -x. Calculate the greatest common factor of v and x.
7
Suppose i + 4*o - 56 = -i, -4*o = -8. Suppose 5*m - 39 = 81. Calculate the greatest common factor of i and m.
24
Let r be (20/(-6))/((-28)/12 - -2). Calculate the highest common divisor of 170 and r.
10
Suppose -5*o = -5*c - 165, -6*o + 4*c = -5*o - 30. What is the greatest common divisor of 238 an